{"id":142,"date":"2025-10-02T13:51:02","date_gmt":"2025-10-02T13:51:02","guid":{"rendered":"https:\/\/officemanager.se\/?post_type=product&#038;p=142"},"modified":"2026-02-05T10:32:10","modified_gmt":"2026-02-05T10:32:10","slug":"wb-pilot-pen-hallare-5-st","status":"publish","type":"product","link":"https:\/\/officemanager.se\/index.php\/produkt\/wb-pilot-pen-hallare-5-st\/","title":{"rendered":"Whiteboard Pilot pennh\u00e5llare 5 st"},"content":{"rendered":"<p>Magnetisk pennh\u00e5llare f\u00f6r 5 pennor \u00e4r en smart l\u00f6sning f\u00f6r att h\u00e5lla dina WB- pennor n\u00e4ra till hands. Tillverkad av \u00e5tervunnen plast ger den b\u00e5de h\u00e5llbarhet och ett modernt uttryck.<\/p>\n","protected":false},"excerpt":{"rendered":"<p>Pennh\u00e5llare f\u00f6r Whiteboardpennor<\/p>\n","protected":false},"featured_media":143,"comment_status":"open","ping_status":"closed","template":"","meta":[],"product_brand":[28],"product_cat":[33,26,53],"product_tag":[29],"class_list":{"0":"post-142","1":"product","2":"type-product","3":"status-publish","4":"has-post-thumbnail","6":"product_brand-pilot","7":"product_cat-for-skola-forskola","8":"product_cat-whiteboard-tillbehor","9":"product_cat-pilot","10":"product_tag-whiteboard","12":"first","13":"instock","14":"taxable","15":"shipping-taxable","16":"product-type-simple"},"jetpack_sharing_enabled":true,"_links":{"self":[{"href":"https:\/\/officemanager.se\/index.php\/wp-json\/wp\/v2\/product\/142","targetHints":{"allow":["GET"]}}],"collection":[{"href":"https:\/\/officemanager.se\/index.php\/wp-json\/wp\/v2\/product"}],"about":[{"href":"https:\/\/officemanager.se\/index.php\/wp-json\/wp\/v2\/types\/product"}],"replies":[{"embeddable":true,"href":"https:\/\/officemanager.se\/index.php\/wp-json\/wp\/v2\/comments?post=142"}],"wp:featuredmedia":[{"embeddable":true,"href":"https:\/\/officemanager.se\/index.php\/wp-json\/wp\/v2\/media\/143"}],"wp:attachment":[{"href":"https:\/\/officemanager.se\/index.php\/wp-json\/wp\/v2\/media?parent=142"}],"wp:term":[{"taxonomy":"product_brand","embeddable":true,"href":"https:\/\/officemanager.se\/index.php\/wp-json\/wp\/v2\/product_brand?post=142"},{"taxonomy":"product_cat","embeddable":true,"href":"https:\/\/officemanager.se\/index.php\/wp-json\/wp\/v2\/product_cat?post=142"},{"taxonomy":"product_tag","embeddable":true,"href":"https:\/\/officemanager.se\/index.php\/wp-json\/wp\/v2\/product_tag?post=142"}],"curies":[{"name":"wp","href":"https:\/\/api.w.org\/{rel}","templated":true}]}}