{"id":159,"date":"2025-10-03T08:04:03","date_gmt":"2025-10-03T08:04:03","guid":{"rendered":"https:\/\/officemanager.se\/?post_type=product&#038;p=159"},"modified":"2026-02-09T12:16:23","modified_gmt":"2026-02-09T12:16:23","slug":"kopieringspapper-a4-80-g-ohalat","status":"publish","type":"product","link":"https:\/\/officemanager.se\/index.php\/produkt\/kopieringspapper-a4-80-g-ohalat\/","title":{"rendered":"Kopieringspapper A4, 80 g"},"content":{"rendered":"<p>Ett kopieringspapper som ger ett utm\u00e4rkt tryckresultat i alla typer av skrivare och kopiatorer.<\/p>\n<p>Ett vardagligt kontorspapper l\u00e4mpat f\u00f6r enf\u00e4rgs bl\u00e4ckstr\u00e5leskrivare och laserutskrift. Den \u00e4r l\u00e4mplig f\u00f6r utskrift och kopiering i h\u00f6gvolymskopiering, perfekt f\u00f6r interna rapporter, anteckningar och kommunikation.<\/p>\n<div class=\"es-l-group\">\n<p class=\"es-p-b5 es-p-t5\"><strong>Produktf\u00f6rdelar:<\/strong><\/p>\n<ul class=\"es-list-bullets\">\n<li>Anpassat f\u00f6r kopiering i stora volymer, laser samt inkjet<\/li>\n<li>F\u00f6r svartvita utskrifter.<\/li>\n<li>EU Ecolabel<\/li>\n<li>Vithet CIE 150<\/li>\n<\/ul>\n<\/div>\n<div class=\"es-l-group\">\n<p class=\"es-p-b5 es-p-t5\"><strong>Trycktekniker:<\/strong><\/p>\n<ul class=\"es-list-bullets\">\n<li>Image Volume l\u00e4mpar sig f\u00f6r svartvita utskrifter i kopiering, laser och inkjet.<\/li>\n<\/ul>\n<\/div>\n<div class=\"es-l-group\">\n<p class=\"es-p-b5 es-p-t5\"><strong>Garantier:<\/strong><\/p>\n<ul class=\"es-list-bullets\">\n<li>F\u00f6r att undvika problem med k\u00f6rbarhet \u00e4r det viktigt att papperet lagras och hanteras p\u00e5 r\u00e4tt s\u00e4tt.<\/li>\n<\/ul>\n<\/div>\n<div class=\"es-l-group\">\n<p class=\"es-p-b5 es-p-t5\"><strong>Milj\u00f6rekommendationer:<\/strong><\/p>\n<ul class=\"es-list-bullets\">\n<li>Image Volume \u00e4r ett obestruket papper. Papperet uppfyller kraven f\u00f6r EU Blomman och \u00e4r PEFC certificerat.<\/li>\n<\/ul>\n<\/div>\n<div class=\"es-l-group\">\n<p class=\"es-p-b5 es-p-t5\"><strong>Anv\u00e4ndning:<\/strong><\/p>\n<ul class=\"es-list-bullets\">\n<li>Image Volume \u00e4r det smarta alternativet f\u00f6r b\u00e5de ekonomi och effektivitet. Detta \u00e4r papperet du b\u00f6r v\u00e4lja f\u00f6r din interna kommunikation.<\/li>\n<\/ul>\n<\/div>\n","protected":false},"excerpt":{"rendered":"<p>Kopieringspapper A4, 80 g<\/p>\n","protected":false},"featured_media":161,"comment_status":"open","ping_status":"closed","template":"","meta":[],"product_brand":[40],"product_cat":[31,32,90,33,35],"product_tag":[38,39],"class_list":{"0":"post-159","1":"product","2":"type-product","3":"status-publish","4":"has-post-thumbnail","6":"product_brand-antalis","7":"product_cat-kontoret","8":"product_cat-for-advokater","9":"product_cat-ekonomi-bokforing","10":"product_cat-for-skola-forskola","11":"product_cat-papper","12":"product_tag-kopieringspapper","13":"product_tag-skrivarpapper","15":"first","16":"instock","17":"taxable","18":"shipping-taxable","19":"product-type-variable"},"jetpack_sharing_enabled":true,"_links":{"self":[{"href":"https:\/\/officemanager.se\/index.php\/wp-json\/wp\/v2\/product\/159","targetHints":{"allow":["GET"]}}],"collection":[{"href":"https:\/\/officemanager.se\/index.php\/wp-json\/wp\/v2\/product"}],"about":[{"href":"https:\/\/officemanager.se\/index.php\/wp-json\/wp\/v2\/types\/product"}],"replies":[{"embeddable":true,"href":"https:\/\/officemanager.se\/index.php\/wp-json\/wp\/v2\/comments?post=159"}],"wp:featuredmedia":[{"embeddable":true,"href":"https:\/\/officemanager.se\/index.php\/wp-json\/wp\/v2\/media\/161"}],"wp:attachment":[{"href":"https:\/\/officemanager.se\/index.php\/wp-json\/wp\/v2\/media?parent=159"}],"wp:term":[{"taxonomy":"product_brand","embeddable":true,"href":"https:\/\/officemanager.se\/index.php\/wp-json\/wp\/v2\/product_brand?post=159"},{"taxonomy":"product_cat","embeddable":true,"href":"https:\/\/officemanager.se\/index.php\/wp-json\/wp\/v2\/product_cat?post=159"},{"taxonomy":"product_tag","embeddable":true,"href":"https:\/\/officemanager.se\/index.php\/wp-json\/wp\/v2\/product_tag?post=159"}],"curies":[{"name":"wp","href":"https:\/\/api.w.org\/{rel}","templated":true}]}}