{"id":1685,"date":"2026-02-05T09:22:58","date_gmt":"2026-02-05T09:22:58","guid":{"rendered":"https:\/\/officemanager.se\/?post_type=product&#038;p=1685"},"modified":"2026-02-05T09:27:55","modified_gmt":"2026-02-05T09:27:55","slug":"hjalpsax-westcott-rod","status":"publish","type":"product","link":"https:\/\/officemanager.se\/index.php\/produkt\/hjalpsax-westcott-rod\/","title":{"rendered":"Hj\u00e4lpsax Westcott r\u00f6d"},"content":{"rendered":"<p><span data-sheets-root=\"1\">Sk\u00e4r papper, textil och mycket mer med de h\u00e4r tr\u00e4ningssaxarna som har fyra fingerh\u00e5l, vilket g\u00f6r dem idealiska f\u00f6r terapeutiska och pedagogiska milj\u00f6er. De h\u00e4r saxarna \u00e4r utformade f\u00f6r tv\u00e5 anv\u00e4ndare, och de hj\u00e4lper dig att l\u00e4ra barn hur man klipper p\u00e5 r\u00e4tt s\u00e4tt. De h\u00e4r tr\u00e4ningssaxarna med fyra fingerh\u00e5l har rundade kanter av s\u00e4kerhetssk\u00e4l.<\/span><\/p>\n","protected":false},"excerpt":{"rendered":"<p><strong><em>Uppfyller Upphandlingsmyndighetens krav f\u00f6r Giftfri F\u00f6rskola!<\/em><\/strong><\/p>\n","protected":false},"featured_media":1687,"comment_status":"open","ping_status":"closed","template":"","meta":[],"product_brand":[],"product_cat":[33],"product_tag":[],"class_list":{"0":"post-1685","1":"product","2":"type-product","3":"status-publish","4":"has-post-thumbnail","6":"product_cat-for-skola-forskola","8":"first","9":"instock","10":"taxable","11":"shipping-taxable","12":"product-type-simple"},"jetpack_sharing_enabled":true,"_links":{"self":[{"href":"https:\/\/officemanager.se\/index.php\/wp-json\/wp\/v2\/product\/1685","targetHints":{"allow":["GET"]}}],"collection":[{"href":"https:\/\/officemanager.se\/index.php\/wp-json\/wp\/v2\/product"}],"about":[{"href":"https:\/\/officemanager.se\/index.php\/wp-json\/wp\/v2\/types\/product"}],"replies":[{"embeddable":true,"href":"https:\/\/officemanager.se\/index.php\/wp-json\/wp\/v2\/comments?post=1685"}],"wp:featuredmedia":[{"embeddable":true,"href":"https:\/\/officemanager.se\/index.php\/wp-json\/wp\/v2\/media\/1687"}],"wp:attachment":[{"href":"https:\/\/officemanager.se\/index.php\/wp-json\/wp\/v2\/media?parent=1685"}],"wp:term":[{"taxonomy":"product_brand","embeddable":true,"href":"https:\/\/officemanager.se\/index.php\/wp-json\/wp\/v2\/product_brand?post=1685"},{"taxonomy":"product_cat","embeddable":true,"href":"https:\/\/officemanager.se\/index.php\/wp-json\/wp\/v2\/product_cat?post=1685"},{"taxonomy":"product_tag","embeddable":true,"href":"https:\/\/officemanager.se\/index.php\/wp-json\/wp\/v2\/product_tag?post=1685"}],"curies":[{"name":"wp","href":"https:\/\/api.w.org\/{rel}","templated":true}]}}