{"id":1724,"date":"2026-02-09T09:55:25","date_gmt":"2026-02-09T09:55:25","guid":{"rendered":"https:\/\/officemanager.se\/?post_type=product&#038;p=1724"},"modified":"2026-02-09T10:00:30","modified_gmt":"2026-02-09T10:00:30","slug":"linjal-linex-30mm","status":"publish","type":"product","link":"https:\/\/officemanager.se\/index.php\/produkt\/linjal-linex-30mm\/","title":{"rendered":"Linjal Linex 30mm"},"content":{"rendered":"<p><span data-sheets-root=\"1\">Linex legendariska superlinjal har en unik antiglidfunktion som g\u00f6r den mycket mer anv\u00e4ndbar \u00e4n en vanlig linjal. En inbyggd gummilist f\u00f6rhindrar att linjalen glider p\u00e5 underlaget. Om man vickar lite p\u00e5 linjalen kan man l\u00e4tt flytta p\u00e5 den. Den \u00e4r indelad i mm med 0-30 cm skala p\u00e5 den ena sidan och en 15\u20130-15 cm skala p\u00e5 den andra sidan.<\/span><\/p>\n","protected":false},"excerpt":{"rendered":"<p>Linex legendariska superlinjal har en unik antiglidfunktion som g\u00f6r den mycket mer anv\u00e4ndbar \u00e4n en vanlig linjal. En inbyggd gummilist f\u00f6rhindrar att linjalen glider p\u00e5 underlaget. Om man vickar lite p\u00e5 linjalen kan man l\u00e4tt flytta p\u00e5 den. Den \u00e4r indelad i mm med 0-30 cm skala p\u00e5 den ena sidan och en 15\u20130-15 cm [&hellip;]<\/p>\n","protected":false},"featured_media":1725,"comment_status":"open","ping_status":"closed","template":"","meta":[],"product_brand":[],"product_cat":[90],"product_tag":[],"class_list":{"0":"post-1724","1":"product","2":"type-product","3":"status-publish","4":"has-post-thumbnail","6":"product_cat-ekonomi-bokforing","8":"first","9":"instock","10":"taxable","11":"shipping-taxable","12":"product-type-simple"},"jetpack_sharing_enabled":true,"_links":{"self":[{"href":"https:\/\/officemanager.se\/index.php\/wp-json\/wp\/v2\/product\/1724","targetHints":{"allow":["GET"]}}],"collection":[{"href":"https:\/\/officemanager.se\/index.php\/wp-json\/wp\/v2\/product"}],"about":[{"href":"https:\/\/officemanager.se\/index.php\/wp-json\/wp\/v2\/types\/product"}],"replies":[{"embeddable":true,"href":"https:\/\/officemanager.se\/index.php\/wp-json\/wp\/v2\/comments?post=1724"}],"wp:featuredmedia":[{"embeddable":true,"href":"https:\/\/officemanager.se\/index.php\/wp-json\/wp\/v2\/media\/1725"}],"wp:attachment":[{"href":"https:\/\/officemanager.se\/index.php\/wp-json\/wp\/v2\/media?parent=1724"}],"wp:term":[{"taxonomy":"product_brand","embeddable":true,"href":"https:\/\/officemanager.se\/index.php\/wp-json\/wp\/v2\/product_brand?post=1724"},{"taxonomy":"product_cat","embeddable":true,"href":"https:\/\/officemanager.se\/index.php\/wp-json\/wp\/v2\/product_cat?post=1724"},{"taxonomy":"product_tag","embeddable":true,"href":"https:\/\/officemanager.se\/index.php\/wp-json\/wp\/v2\/product_tag?post=1724"}],"curies":[{"name":"wp","href":"https:\/\/api.w.org\/{rel}","templated":true}]}}