{"id":1730,"date":"2026-02-09T10:06:40","date_gmt":"2026-02-09T10:06:40","guid":{"rendered":"https:\/\/officemanager.se\/?post_type=product&#038;p=1730"},"modified":"2026-02-09T10:07:53","modified_gmt":"2026-02-09T10:07:53","slug":"pappersklamma-bulldog-30-mm-10-fp","status":"publish","type":"product","link":"https:\/\/officemanager.se\/index.php\/produkt\/pappersklamma-bulldog-30-mm-10-fp\/","title":{"rendered":"Papperskl\u00e4mma Bulldog 30 mm 10\/fp"},"content":{"rendered":"<p><span data-sheets-root=\"1\">Papperskl\u00e4mma metall med h\u00e5l f\u00f6r upph\u00e4ngning. 10 st\/fp.<\/span><\/p>\n","protected":false},"excerpt":{"rendered":"<p>Papperskl\u00e4mma metall med h\u00e5l f\u00f6r upph\u00e4ngning. 10 st\/fp.<\/p>\n","protected":false},"featured_media":1731,"comment_status":"open","ping_status":"closed","template":"","meta":[],"product_brand":[],"product_cat":[90],"product_tag":[],"class_list":{"0":"post-1730","1":"product","2":"type-product","3":"status-publish","4":"has-post-thumbnail","6":"product_cat-ekonomi-bokforing","8":"first","9":"instock","10":"taxable","11":"shipping-taxable","12":"product-type-simple"},"jetpack_sharing_enabled":true,"_links":{"self":[{"href":"https:\/\/officemanager.se\/index.php\/wp-json\/wp\/v2\/product\/1730","targetHints":{"allow":["GET"]}}],"collection":[{"href":"https:\/\/officemanager.se\/index.php\/wp-json\/wp\/v2\/product"}],"about":[{"href":"https:\/\/officemanager.se\/index.php\/wp-json\/wp\/v2\/types\/product"}],"replies":[{"embeddable":true,"href":"https:\/\/officemanager.se\/index.php\/wp-json\/wp\/v2\/comments?post=1730"}],"wp:featuredmedia":[{"embeddable":true,"href":"https:\/\/officemanager.se\/index.php\/wp-json\/wp\/v2\/media\/1731"}],"wp:attachment":[{"href":"https:\/\/officemanager.se\/index.php\/wp-json\/wp\/v2\/media?parent=1730"}],"wp:term":[{"taxonomy":"product_brand","embeddable":true,"href":"https:\/\/officemanager.se\/index.php\/wp-json\/wp\/v2\/product_brand?post=1730"},{"taxonomy":"product_cat","embeddable":true,"href":"https:\/\/officemanager.se\/index.php\/wp-json\/wp\/v2\/product_cat?post=1730"},{"taxonomy":"product_tag","embeddable":true,"href":"https:\/\/officemanager.se\/index.php\/wp-json\/wp\/v2\/product_tag?post=1730"}],"curies":[{"name":"wp","href":"https:\/\/api.w.org\/{rel}","templated":true}]}}