{"id":1883,"date":"2026-03-02T11:29:18","date_gmt":"2026-03-02T11:29:18","guid":{"rendered":"https:\/\/officemanager.se\/?post_type=product&#038;p=1883"},"modified":"2026-03-02T11:38:00","modified_gmt":"2026-03-02T11:38:00","slug":"plastficka-a4-40-mikron-100-pack-budget","status":"publish","type":"product","link":"https:\/\/officemanager.se\/index.php\/produkt\/plastficka-a4-40-mikron-100-pack-budget\/","title":{"rendered":"Plastficka A4 40 Mikron 100-pack (budget)"},"content":{"rendered":"<p><span data-sheets-root=\"1\">Icke-reflekterande plastficka tillverkad av polypropylenplast. \u00d6ppen \u00f6vre kant. L\u00e4tt att bl\u00e4ddra i och \u00f6ppna. Kopieringss\u00e4ker. F\u00f6rst\u00e4rkt perforerad kant med universalh\u00e5l. A4. 100-pack.<\/span><\/p>\n","protected":false},"excerpt":{"rendered":"<p><span data-sheets-root=\"1\">A4 Plastfickor. Antistatiska i 0,04mm PP plast med 11 h\u00e5ls multih\u00e5lning. Kopieringss\u00e4kra. 100st<\/span><\/p>\n","protected":false},"featured_media":1888,"comment_status":"open","ping_status":"closed","template":"","meta":[],"product_brand":[],"product_cat":[31,24],"product_tag":[25],"class_list":{"0":"post-1883","1":"product","2":"type-product","3":"status-publish","4":"has-post-thumbnail","6":"product_cat-kontoret","7":"product_cat-fickor","8":"product_tag-plastficka","10":"first","11":"instock","12":"taxable","13":"shipping-taxable","14":"product-type-simple"},"jetpack_sharing_enabled":true,"_links":{"self":[{"href":"https:\/\/officemanager.se\/index.php\/wp-json\/wp\/v2\/product\/1883","targetHints":{"allow":["GET"]}}],"collection":[{"href":"https:\/\/officemanager.se\/index.php\/wp-json\/wp\/v2\/product"}],"about":[{"href":"https:\/\/officemanager.se\/index.php\/wp-json\/wp\/v2\/types\/product"}],"replies":[{"embeddable":true,"href":"https:\/\/officemanager.se\/index.php\/wp-json\/wp\/v2\/comments?post=1883"}],"wp:featuredmedia":[{"embeddable":true,"href":"https:\/\/officemanager.se\/index.php\/wp-json\/wp\/v2\/media\/1888"}],"wp:attachment":[{"href":"https:\/\/officemanager.se\/index.php\/wp-json\/wp\/v2\/media?parent=1883"}],"wp:term":[{"taxonomy":"product_brand","embeddable":true,"href":"https:\/\/officemanager.se\/index.php\/wp-json\/wp\/v2\/product_brand?post=1883"},{"taxonomy":"product_cat","embeddable":true,"href":"https:\/\/officemanager.se\/index.php\/wp-json\/wp\/v2\/product_cat?post=1883"},{"taxonomy":"product_tag","embeddable":true,"href":"https:\/\/officemanager.se\/index.php\/wp-json\/wp\/v2\/product_tag?post=1883"}],"curies":[{"name":"wp","href":"https:\/\/api.w.org\/{rel}","templated":true}]}}