{"id":196,"date":"2025-10-09T09:23:23","date_gmt":"2025-10-09T09:23:23","guid":{"rendered":"https:\/\/officemanager.se\/?post_type=product&#038;p=196"},"modified":"2026-02-09T13:33:41","modified_gmt":"2026-02-09T13:33:41","slug":"alcospray-pro-disinfect","status":"publish","type":"product","link":"https:\/\/officemanager.se\/index.php\/produkt\/alcospray-pro-disinfect\/","title":{"rendered":"AlcoSpray &#8211; Pro Disinfectant"},"content":{"rendered":"<p>AlcoSpray &#8211; Pro Disinfectant \u00a0&#8221;ANTI developed VIRUS + BACTERIA&#8221;, 500 ml. Avsedd f\u00f6r desinfektion av sl\u00e4ta ytor som britsar, bord, stolar etc, fungerar \u00e4ven bra som handsprit<\/p>\n","protected":false},"excerpt":{"rendered":"<p>AlcoSpray &#8211; Pro Disinfectant \u00a0&#8221;ANTI developed VIRUS + BACTERIA&#8221;, 500 ml. Avsedd f\u00f6r desinfektion av sl\u00e4ta ytor som britsar, bord, stolar etc, fungerar \u00e4ven bra som handsprit<\/p>\n","protected":false},"featured_media":1241,"comment_status":"open","ping_status":"closed","template":"","meta":[],"product_brand":[],"product_cat":[31,90,33,44],"product_tag":[45],"class_list":{"0":"post-196","1":"product","2":"type-product","3":"status-publish","4":"has-post-thumbnail","6":"product_cat-kontoret","7":"product_cat-ekonomi-bokforing","8":"product_cat-for-skola-forskola","9":"product_cat-rengoring","10":"product_tag-rengoring","12":"first","13":"instock","14":"taxable","15":"shipping-taxable","16":"product-type-simple"},"jetpack_sharing_enabled":true,"_links":{"self":[{"href":"https:\/\/officemanager.se\/index.php\/wp-json\/wp\/v2\/product\/196","targetHints":{"allow":["GET"]}}],"collection":[{"href":"https:\/\/officemanager.se\/index.php\/wp-json\/wp\/v2\/product"}],"about":[{"href":"https:\/\/officemanager.se\/index.php\/wp-json\/wp\/v2\/types\/product"}],"replies":[{"embeddable":true,"href":"https:\/\/officemanager.se\/index.php\/wp-json\/wp\/v2\/comments?post=196"}],"wp:featuredmedia":[{"embeddable":true,"href":"https:\/\/officemanager.se\/index.php\/wp-json\/wp\/v2\/media\/1241"}],"wp:attachment":[{"href":"https:\/\/officemanager.se\/index.php\/wp-json\/wp\/v2\/media?parent=196"}],"wp:term":[{"taxonomy":"product_brand","embeddable":true,"href":"https:\/\/officemanager.se\/index.php\/wp-json\/wp\/v2\/product_brand?post=196"},{"taxonomy":"product_cat","embeddable":true,"href":"https:\/\/officemanager.se\/index.php\/wp-json\/wp\/v2\/product_cat?post=196"},{"taxonomy":"product_tag","embeddable":true,"href":"https:\/\/officemanager.se\/index.php\/wp-json\/wp\/v2\/product_tag?post=196"}],"curies":[{"name":"wp","href":"https:\/\/api.w.org\/{rel}","templated":true}]}}