{"id":219,"date":"2025-10-13T11:05:00","date_gmt":"2025-10-13T11:05:00","guid":{"rendered":"https:\/\/officemanager.se\/?post_type=product&#038;p=219"},"modified":"2026-02-09T13:27:54","modified_gmt":"2026-02-09T13:27:54","slug":"moriclips","status":"publish","type":"product","link":"https:\/\/officemanager.se\/index.php\/produkt\/moriclips\/","title":{"rendered":"MoriClips"},"content":{"rendered":"<p><span data-sheets-root=\"1\">L\u00e4mnar inga sp\u00e5r och t\u00f6jer sig inte, perfekt fr\u00e5n 1-50 ark med ett MoriClip. Ask om 22 st clips i blandade semitransparenta f\u00e4rger.<br \/>\n<\/span>MoriClips \u00e4r en finurlig liten papperskl\u00e4mma som klarar en stor m\u00e4ngd papper, l\u00e4mnar inga m\u00e4rken p\u00e5 papper och kan \u00e5teranv\u00e4ndas.Dessa sm\u00e5 papperskl\u00e4mmor tar inte alls lika stor plats som en motsvarande &#8221;vanlig&#8221; papperskl\u00e4mma samtidigt som kl\u00e4mmans mekanism s\u00e4kert h\u00e5ller ihop dokumenten.<\/p>\n<p><span data-sheets-root=\"1\">\u00a0<\/span><\/p>\n","protected":false},"excerpt":{"rendered":"<p><span data-sheets-root=\"1\">Ask om 22 st clips i blandade semitransparenta f\u00e4rger<\/span><\/p>\n","protected":false},"featured_media":220,"comment_status":"open","ping_status":"closed","template":"","meta":[],"product_brand":[],"product_cat":[31,90,51],"product_tag":[50],"class_list":{"0":"post-219","1":"product","2":"type-product","3":"status-publish","4":"has-post-thumbnail","6":"product_cat-kontoret","7":"product_cat-ekonomi-bokforing","8":"product_cat-gem-haftapparater","9":"product_tag-gem","11":"first","12":"instock","13":"taxable","14":"shipping-taxable","15":"product-type-simple"},"jetpack_sharing_enabled":true,"_links":{"self":[{"href":"https:\/\/officemanager.se\/index.php\/wp-json\/wp\/v2\/product\/219","targetHints":{"allow":["GET"]}}],"collection":[{"href":"https:\/\/officemanager.se\/index.php\/wp-json\/wp\/v2\/product"}],"about":[{"href":"https:\/\/officemanager.se\/index.php\/wp-json\/wp\/v2\/types\/product"}],"replies":[{"embeddable":true,"href":"https:\/\/officemanager.se\/index.php\/wp-json\/wp\/v2\/comments?post=219"}],"wp:featuredmedia":[{"embeddable":true,"href":"https:\/\/officemanager.se\/index.php\/wp-json\/wp\/v2\/media\/220"}],"wp:attachment":[{"href":"https:\/\/officemanager.se\/index.php\/wp-json\/wp\/v2\/media?parent=219"}],"wp:term":[{"taxonomy":"product_brand","embeddable":true,"href":"https:\/\/officemanager.se\/index.php\/wp-json\/wp\/v2\/product_brand?post=219"},{"taxonomy":"product_cat","embeddable":true,"href":"https:\/\/officemanager.se\/index.php\/wp-json\/wp\/v2\/product_cat?post=219"},{"taxonomy":"product_tag","embeddable":true,"href":"https:\/\/officemanager.se\/index.php\/wp-json\/wp\/v2\/product_tag?post=219"}],"curies":[{"name":"wp","href":"https:\/\/api.w.org\/{rel}","templated":true}]}}