{"id":222,"date":"2025-10-13T11:12:44","date_gmt":"2025-10-13T11:12:44","guid":{"rendered":"https:\/\/officemanager.se\/?post_type=product&#038;p=222"},"modified":"2026-02-09T11:52:34","modified_gmt":"2026-02-09T11:52:34","slug":"gem-45mm-silver-100-st","status":"publish","type":"product","link":"https:\/\/officemanager.se\/index.php\/produkt\/gem-45mm-silver-100-st\/","title":{"rendered":"Gem 45mm, Silver 100 st"},"content":{"rendered":"<p><span data-sheets-root=\"1\">Ett spetsigt gem av slitstark galvaniserat st\u00e5ltr\u00e5d som h\u00e5ller alla l\u00f6sa papper p\u00e5 plats. Varje gem \u00e4r 45mm och f\u00f6rpackningen inneh\u00e5ller ca 100 st.<\/span><\/p>\n","protected":false},"excerpt":{"rendered":"<p>Gem 45mm 100-pack, silver<\/p>\n","protected":false},"featured_media":225,"comment_status":"open","ping_status":"closed","template":"","meta":[],"product_brand":[],"product_cat":[31,90,51],"product_tag":[50],"class_list":{"0":"post-222","1":"product","2":"type-product","3":"status-publish","4":"has-post-thumbnail","6":"product_cat-kontoret","7":"product_cat-ekonomi-bokforing","8":"product_cat-gem-haftapparater","9":"product_tag-gem","11":"first","12":"instock","13":"taxable","14":"shipping-taxable","15":"product-type-simple"},"jetpack_sharing_enabled":true,"_links":{"self":[{"href":"https:\/\/officemanager.se\/index.php\/wp-json\/wp\/v2\/product\/222","targetHints":{"allow":["GET"]}}],"collection":[{"href":"https:\/\/officemanager.se\/index.php\/wp-json\/wp\/v2\/product"}],"about":[{"href":"https:\/\/officemanager.se\/index.php\/wp-json\/wp\/v2\/types\/product"}],"replies":[{"embeddable":true,"href":"https:\/\/officemanager.se\/index.php\/wp-json\/wp\/v2\/comments?post=222"}],"wp:featuredmedia":[{"embeddable":true,"href":"https:\/\/officemanager.se\/index.php\/wp-json\/wp\/v2\/media\/225"}],"wp:attachment":[{"href":"https:\/\/officemanager.se\/index.php\/wp-json\/wp\/v2\/media?parent=222"}],"wp:term":[{"taxonomy":"product_brand","embeddable":true,"href":"https:\/\/officemanager.se\/index.php\/wp-json\/wp\/v2\/product_brand?post=222"},{"taxonomy":"product_cat","embeddable":true,"href":"https:\/\/officemanager.se\/index.php\/wp-json\/wp\/v2\/product_cat?post=222"},{"taxonomy":"product_tag","embeddable":true,"href":"https:\/\/officemanager.se\/index.php\/wp-json\/wp\/v2\/product_tag?post=222"}],"curies":[{"name":"wp","href":"https:\/\/api.w.org\/{rel}","templated":true}]}}