{"id":245,"date":"2025-10-13T12:34:17","date_gmt":"2025-10-13T12:34:17","guid":{"rendered":"https:\/\/officemanager.se\/?post_type=product&#038;p=245"},"modified":"2026-02-09T12:13:34","modified_gmt":"2026-02-09T12:13:34","slug":"static-notes","status":"publish","type":"product","link":"https:\/\/officemanager.se\/index.php\/produkt\/static-notes\/","title":{"rendered":"Static Note, perfekt f\u00f6r projektplanering, seminarier,\u00a0 workshops och m\u00f6ten"},"content":{"rendered":"<p><span data-sheets-root=\"1\">Static Notes \u00e4r laddade med statisk elektricitet och som f\u00e4ster p\u00e5 sl\u00e4ta ytor. Kan anv\u00e4ndas f\u00f6r projektplanering, seminarier,\u00a0 workshops och m\u00f6ten. Enkel att flytta runt p\u00e5 t ex en whiteboardtavla, eller ett f\u00f6nster\/glasskiva utan att det l\u00e4mnar n\u00e5gra m\u00e4rken.<br \/>\n<\/span><\/p>\n<p><span data-sheets-root=\"1\">Finns i tv\u00e5 storlekar. M &#8211; 70x100mm och L &#8211; 100x100mm<\/span><\/p>\n","protected":false},"excerpt":{"rendered":"<p><span data-sheets-root=\"1\">Sj\u00e4lvh\u00e4ftande noteringslappar utan lim, f\u00e4ster statiskt mot underlaget. Perfekt f\u00f6r projektplanering, seminarier,\u00a0 workshops och m\u00f6ten.<\/span><\/p>\n","protected":false},"featured_media":1232,"comment_status":"open","ping_status":"closed","template":"","meta":[],"product_brand":[],"product_cat":[31,32,90,33,19],"product_tag":[20],"class_list":{"0":"post-245","1":"product","2":"type-product","3":"status-publish","4":"has-post-thumbnail","6":"product_cat-kontoret","7":"product_cat-for-advokater","8":"product_cat-ekonomi-bokforing","9":"product_cat-for-skola-forskola","10":"product_cat-notisar-indexflikar","11":"product_tag-notisar","13":"first","14":"instock","15":"taxable","16":"shipping-taxable","17":"product-type-variable"},"jetpack_sharing_enabled":true,"_links":{"self":[{"href":"https:\/\/officemanager.se\/index.php\/wp-json\/wp\/v2\/product\/245","targetHints":{"allow":["GET"]}}],"collection":[{"href":"https:\/\/officemanager.se\/index.php\/wp-json\/wp\/v2\/product"}],"about":[{"href":"https:\/\/officemanager.se\/index.php\/wp-json\/wp\/v2\/types\/product"}],"replies":[{"embeddable":true,"href":"https:\/\/officemanager.se\/index.php\/wp-json\/wp\/v2\/comments?post=245"}],"wp:featuredmedia":[{"embeddable":true,"href":"https:\/\/officemanager.se\/index.php\/wp-json\/wp\/v2\/media\/1232"}],"wp:attachment":[{"href":"https:\/\/officemanager.se\/index.php\/wp-json\/wp\/v2\/media?parent=245"}],"wp:term":[{"taxonomy":"product_brand","embeddable":true,"href":"https:\/\/officemanager.se\/index.php\/wp-json\/wp\/v2\/product_brand?post=245"},{"taxonomy":"product_cat","embeddable":true,"href":"https:\/\/officemanager.se\/index.php\/wp-json\/wp\/v2\/product_cat?post=245"},{"taxonomy":"product_tag","embeddable":true,"href":"https:\/\/officemanager.se\/index.php\/wp-json\/wp\/v2\/product_tag?post=245"}],"curies":[{"name":"wp","href":"https:\/\/api.w.org\/{rel}","templated":true}]}}