{"id":248,"date":"2025-10-13T13:03:18","date_gmt":"2025-10-13T13:03:18","guid":{"rendered":"https:\/\/officemanager.se\/?post_type=product&#038;p=248"},"modified":"2026-02-09T13:05:14","modified_gmt":"2026-02-09T13:05:14","slug":"pilot-wb-penna-board-master","status":"publish","type":"product","link":"https:\/\/officemanager.se\/index.php\/produkt\/pilot-wb-penna-board-master\/","title":{"rendered":"Whiteboard penna Pilot, p\u00e5fyllningsbar"},"content":{"rendered":"<p><span data-sheets-root=\"1\">Denna whiteboardpenna anv\u00e4nder ett avancerat bl\u00e4ckleveranssystem med tv\u00e5 slangar som g\u00f6r att du kan skriva direkt utan att f\u00f6rst skaka pennan, p\u00e5fyllningsbar. V\u00e4lj mellan flera olika f\u00e4rger, svart, r\u00f6d, bl\u00e5, orange och gr\u00f6n.<br \/>\n<\/span><\/p>\n","protected":false},"excerpt":{"rendered":"<p><span data-sheets-root=\"1\">Whiteboard-penna Pilot, p\u00e5fyllningsbar.<\/span><\/p>\n","protected":false},"featured_media":254,"comment_status":"open","ping_status":"closed","template":"","meta":[],"product_brand":[28],"product_cat":[31,90,33,27,26,53],"product_tag":[30,29],"class_list":{"0":"post-248","1":"product","2":"type-product","3":"status-publish","4":"has-post-thumbnail","6":"product_brand-pilot","7":"product_cat-kontoret","8":"product_cat-ekonomi-bokforing","9":"product_cat-for-skola-forskola","10":"product_cat-pennor","11":"product_cat-whiteboard-tillbehor","12":"product_cat-pilot","13":"product_tag-penna","14":"product_tag-whiteboard","16":"first","17":"instock","18":"taxable","19":"shipping-taxable","20":"product-type-variable"},"jetpack_sharing_enabled":true,"_links":{"self":[{"href":"https:\/\/officemanager.se\/index.php\/wp-json\/wp\/v2\/product\/248","targetHints":{"allow":["GET"]}}],"collection":[{"href":"https:\/\/officemanager.se\/index.php\/wp-json\/wp\/v2\/product"}],"about":[{"href":"https:\/\/officemanager.se\/index.php\/wp-json\/wp\/v2\/types\/product"}],"replies":[{"embeddable":true,"href":"https:\/\/officemanager.se\/index.php\/wp-json\/wp\/v2\/comments?post=248"}],"wp:featuredmedia":[{"embeddable":true,"href":"https:\/\/officemanager.se\/index.php\/wp-json\/wp\/v2\/media\/254"}],"wp:attachment":[{"href":"https:\/\/officemanager.se\/index.php\/wp-json\/wp\/v2\/media?parent=248"}],"wp:term":[{"taxonomy":"product_brand","embeddable":true,"href":"https:\/\/officemanager.se\/index.php\/wp-json\/wp\/v2\/product_brand?post=248"},{"taxonomy":"product_cat","embeddable":true,"href":"https:\/\/officemanager.se\/index.php\/wp-json\/wp\/v2\/product_cat?post=248"},{"taxonomy":"product_tag","embeddable":true,"href":"https:\/\/officemanager.se\/index.php\/wp-json\/wp\/v2\/product_tag?post=248"}],"curies":[{"name":"wp","href":"https:\/\/api.w.org\/{rel}","templated":true}]}}