{"id":478,"date":"2025-10-26T14:42:05","date_gmt":"2025-10-26T14:42:05","guid":{"rendered":"https:\/\/officemanager.se\/?post_type=product&#038;p=478"},"modified":"2026-02-09T12:11:27","modified_gmt":"2026-02-09T12:11:27","slug":"a4-ficka","status":"publish","type":"product","link":"https:\/\/officemanager.se\/index.php\/produkt\/a4-ficka\/","title":{"rendered":"A4-ficka"},"content":{"rendered":"<p>Plastficka f\u00f6r A4-papper med \u00f6ppning i \u00f6verkant. Med h\u00e5llist f\u00f6r att s\u00e4ttas i p\u00e4rm. <span data-sheets-root=\"1\">En kvalitetsficka i 180 \u00b5 tjockt material.<\/span><\/p>\n","protected":false},"excerpt":{"rendered":"<p><span data-sheets-root=\"1\">Plastficka anpassad f\u00f6r att f\u00f6rvara allt fr\u00e5n ett A4-ark till en st\u00f6rre bunt papper. Med h\u00e5llist f\u00f6r att s\u00e4ttas i p\u00e4rm, A4.<br \/>\n<\/span><\/p>\n","protected":false},"featured_media":707,"comment_status":"open","ping_status":"closed","template":"","meta":[],"product_brand":[],"product_cat":[31,90,24],"product_tag":[25],"class_list":{"0":"post-478","1":"product","2":"type-product","3":"status-publish","4":"has-post-thumbnail","6":"product_cat-kontoret","7":"product_cat-ekonomi-bokforing","8":"product_cat-fickor","9":"product_tag-plastficka","11":"first","12":"instock","13":"taxable","14":"shipping-taxable","15":"product-type-variable"},"jetpack_sharing_enabled":true,"_links":{"self":[{"href":"https:\/\/officemanager.se\/index.php\/wp-json\/wp\/v2\/product\/478","targetHints":{"allow":["GET"]}}],"collection":[{"href":"https:\/\/officemanager.se\/index.php\/wp-json\/wp\/v2\/product"}],"about":[{"href":"https:\/\/officemanager.se\/index.php\/wp-json\/wp\/v2\/types\/product"}],"replies":[{"embeddable":true,"href":"https:\/\/officemanager.se\/index.php\/wp-json\/wp\/v2\/comments?post=478"}],"wp:featuredmedia":[{"embeddable":true,"href":"https:\/\/officemanager.se\/index.php\/wp-json\/wp\/v2\/media\/707"}],"wp:attachment":[{"href":"https:\/\/officemanager.se\/index.php\/wp-json\/wp\/v2\/media?parent=478"}],"wp:term":[{"taxonomy":"product_brand","embeddable":true,"href":"https:\/\/officemanager.se\/index.php\/wp-json\/wp\/v2\/product_brand?post=478"},{"taxonomy":"product_cat","embeddable":true,"href":"https:\/\/officemanager.se\/index.php\/wp-json\/wp\/v2\/product_cat?post=478"},{"taxonomy":"product_tag","embeddable":true,"href":"https:\/\/officemanager.se\/index.php\/wp-json\/wp\/v2\/product_tag?post=478"}],"curies":[{"name":"wp","href":"https:\/\/api.w.org\/{rel}","templated":true}]}}