{"id":808,"date":"2025-11-12T15:49:38","date_gmt":"2025-11-12T15:49:38","guid":{"rendered":"https:\/\/officemanager.se\/?post_type=product&#038;p=808"},"modified":"2026-02-09T12:17:43","modified_gmt":"2026-02-09T12:17:43","slug":"kulspetspenna-office","status":"publish","type":"product","link":"https:\/\/officemanager.se\/index.php\/produkt\/kulspetspenna-office\/","title":{"rendered":"Kulspetspenna OFFICE, value, finns i flera f\u00e4rger"},"content":{"rendered":"<p>Kulspetspenna OFFICE value, bl\u00e5 eller svart. med 0,7mm skrivbredd. Transparent kropp med f\u00e4rgade detaljer, clips och gummigrepp. 900 meters skrivl\u00e4ngd, certifierad enligt EN-71.<\/p>\n","protected":false},"excerpt":{"rendered":"<p>Kulspetspenna OFFICE value med 0,7mm skrivbredd<\/p>\n","protected":false},"featured_media":1179,"comment_status":"open","ping_status":"closed","template":"","meta":[],"product_brand":[],"product_cat":[31,32,90,33,27],"product_tag":[30],"class_list":{"0":"post-808","1":"product","2":"type-product","3":"status-publish","4":"has-post-thumbnail","6":"product_cat-kontoret","7":"product_cat-for-advokater","8":"product_cat-ekonomi-bokforing","9":"product_cat-for-skola-forskola","10":"product_cat-pennor","11":"product_tag-penna","13":"first","14":"instock","15":"taxable","16":"shipping-taxable","17":"product-type-variable"},"jetpack_sharing_enabled":true,"_links":{"self":[{"href":"https:\/\/officemanager.se\/index.php\/wp-json\/wp\/v2\/product\/808","targetHints":{"allow":["GET"]}}],"collection":[{"href":"https:\/\/officemanager.se\/index.php\/wp-json\/wp\/v2\/product"}],"about":[{"href":"https:\/\/officemanager.se\/index.php\/wp-json\/wp\/v2\/types\/product"}],"replies":[{"embeddable":true,"href":"https:\/\/officemanager.se\/index.php\/wp-json\/wp\/v2\/comments?post=808"}],"wp:featuredmedia":[{"embeddable":true,"href":"https:\/\/officemanager.se\/index.php\/wp-json\/wp\/v2\/media\/1179"}],"wp:attachment":[{"href":"https:\/\/officemanager.se\/index.php\/wp-json\/wp\/v2\/media?parent=808"}],"wp:term":[{"taxonomy":"product_brand","embeddable":true,"href":"https:\/\/officemanager.se\/index.php\/wp-json\/wp\/v2\/product_brand?post=808"},{"taxonomy":"product_cat","embeddable":true,"href":"https:\/\/officemanager.se\/index.php\/wp-json\/wp\/v2\/product_cat?post=808"},{"taxonomy":"product_tag","embeddable":true,"href":"https:\/\/officemanager.se\/index.php\/wp-json\/wp\/v2\/product_tag?post=808"}],"curies":[{"name":"wp","href":"https:\/\/api.w.org\/{rel}","templated":true}]}}