{"id":89,"date":"2025-09-29T13:29:30","date_gmt":"2025-09-29T13:29:30","guid":{"rendered":"https:\/\/officemanager.se\/?post_type=product&#038;p=89"},"modified":"2026-02-09T14:20:40","modified_gmt":"2026-02-09T14:20:40","slug":"kollegieblock-a4-linjerat","status":"publish","type":"product","link":"https:\/\/officemanager.se\/index.php\/produkt\/kollegieblock-a4-linjerat\/","title":{"rendered":"Kollegieblock A4, kraftigt omslag, linjerat\/rutat"},"content":{"rendered":"<p>Sidospiralbundet linjerat\/rutat kollegieblock i A4 storlek med svensk standard h\u00e5lning. 70 ark och 70g papper. Blocken \u00e4r FSC m\u00e4rkta med vit fram- och baksida samt mikroperforerade papper. Perfekt f\u00f6r anteckningar i skolan eller p\u00e5 kontoret.<\/p>\n","protected":false},"excerpt":{"rendered":"<p>Kollegieblock A4, linjerat\/rutat, spiralbundet<\/p>\n","protected":false},"featured_media":1792,"comment_status":"open","ping_status":"closed","template":"","meta":[],"product_brand":[],"product_cat":[31,32,90,33,23],"product_tag":[22],"class_list":{"0":"post-89","1":"product","2":"type-product","3":"status-publish","4":"has-post-thumbnail","6":"product_cat-kontoret","7":"product_cat-for-advokater","8":"product_cat-ekonomi-bokforing","9":"product_cat-for-skola-forskola","10":"product_cat-anteckningar-block","11":"product_tag-anteckningsblock","13":"first","14":"instock","15":"taxable","16":"shipping-taxable","17":"product-type-variable"},"jetpack_sharing_enabled":true,"_links":{"self":[{"href":"https:\/\/officemanager.se\/index.php\/wp-json\/wp\/v2\/product\/89","targetHints":{"allow":["GET"]}}],"collection":[{"href":"https:\/\/officemanager.se\/index.php\/wp-json\/wp\/v2\/product"}],"about":[{"href":"https:\/\/officemanager.se\/index.php\/wp-json\/wp\/v2\/types\/product"}],"replies":[{"embeddable":true,"href":"https:\/\/officemanager.se\/index.php\/wp-json\/wp\/v2\/comments?post=89"}],"wp:featuredmedia":[{"embeddable":true,"href":"https:\/\/officemanager.se\/index.php\/wp-json\/wp\/v2\/media\/1792"}],"wp:attachment":[{"href":"https:\/\/officemanager.se\/index.php\/wp-json\/wp\/v2\/media?parent=89"}],"wp:term":[{"taxonomy":"product_brand","embeddable":true,"href":"https:\/\/officemanager.se\/index.php\/wp-json\/wp\/v2\/product_brand?post=89"},{"taxonomy":"product_cat","embeddable":true,"href":"https:\/\/officemanager.se\/index.php\/wp-json\/wp\/v2\/product_cat?post=89"},{"taxonomy":"product_tag","embeddable":true,"href":"https:\/\/officemanager.se\/index.php\/wp-json\/wp\/v2\/product_tag?post=89"}],"curies":[{"name":"wp","href":"https:\/\/api.w.org\/{rel}","templated":true}]}}