{"id":965,"date":"2025-12-08T09:36:21","date_gmt":"2025-12-08T09:36:21","guid":{"rendered":"https:\/\/officemanager.se\/?post_type=product&#038;p=965"},"modified":"2026-02-09T13:32:46","modified_gmt":"2026-02-09T13:32:46","slug":"whiteboard-conditioner","status":"publish","type":"product","link":"https:\/\/officemanager.se\/index.php\/produkt\/whiteboard-conditioner\/","title":{"rendered":"Magic Conditioner, passar b\u00e5de whiteboard och glas"},"content":{"rendered":"<p>En spray med tjockt skum som reng\u00f6r whiteboardtavlan\/glaset p\u00e5 djupet samtidigt som ytan bel\u00e4ggs med en tunn vaxliknande hinna. Sprayen \u00e4r biologiskt nedbrytbar och giftfri. Avl\u00e4gsnar effektivt skuggbildningar, smuts och klisterrester.<\/p>\n","protected":false},"excerpt":{"rendered":"<p>En spray med tjockt skum som reng\u00f6r whiteboardtavlan\/glaset p\u00e5 djupet samtidigt som ytan bel\u00e4ggs med en tunn vaxliknande hinna.<\/p>\n","protected":false},"featured_media":1243,"comment_status":"open","ping_status":"closed","template":"","meta":[],"product_brand":[],"product_cat":[31,32,90,26,44],"product_tag":[45],"class_list":{"0":"post-965","1":"product","2":"type-product","3":"status-publish","4":"has-post-thumbnail","6":"product_cat-kontoret","7":"product_cat-for-advokater","8":"product_cat-ekonomi-bokforing","9":"product_cat-whiteboard-tillbehor","10":"product_cat-rengoring","11":"product_tag-rengoring","13":"first","14":"instock","15":"taxable","16":"shipping-taxable","17":"product-type-simple"},"jetpack_sharing_enabled":true,"_links":{"self":[{"href":"https:\/\/officemanager.se\/index.php\/wp-json\/wp\/v2\/product\/965","targetHints":{"allow":["GET"]}}],"collection":[{"href":"https:\/\/officemanager.se\/index.php\/wp-json\/wp\/v2\/product"}],"about":[{"href":"https:\/\/officemanager.se\/index.php\/wp-json\/wp\/v2\/types\/product"}],"replies":[{"embeddable":true,"href":"https:\/\/officemanager.se\/index.php\/wp-json\/wp\/v2\/comments?post=965"}],"wp:featuredmedia":[{"embeddable":true,"href":"https:\/\/officemanager.se\/index.php\/wp-json\/wp\/v2\/media\/1243"}],"wp:attachment":[{"href":"https:\/\/officemanager.se\/index.php\/wp-json\/wp\/v2\/media?parent=965"}],"wp:term":[{"taxonomy":"product_brand","embeddable":true,"href":"https:\/\/officemanager.se\/index.php\/wp-json\/wp\/v2\/product_brand?post=965"},{"taxonomy":"product_cat","embeddable":true,"href":"https:\/\/officemanager.se\/index.php\/wp-json\/wp\/v2\/product_cat?post=965"},{"taxonomy":"product_tag","embeddable":true,"href":"https:\/\/officemanager.se\/index.php\/wp-json\/wp\/v2\/product_tag?post=965"}],"curies":[{"name":"wp","href":"https:\/\/api.w.org\/{rel}","templated":true}]}}